 and z?
3
Suppose 0*m + 6 = 3*m. Let g be 12/(-8)*(-12)/m. Calculate the highest common divisor of 99 and g.
9
Let g be (4 - 0 - 1774) + -2. Let a be g/(-16) - 6/8. Calculate the greatest common divisor of 10 and a.
10
Suppose 14 = -4*j - 10. Let g be j/15 - (-694)/10. Calculate the greatest common divisor of 23 and g.
23
Suppose 0 = -9*x + 72 + 819. Suppose -45 = -4*j - 1. What is the highest common factor of j and x?
11
Suppose -2*k + 6*k = -3*h + 18, -4*k = -12. Suppose h*l - 4*x - 4 = 0, -2*l - 22 = -4*l - 5*x. Calculate the highest common factor of 6 and l.
6
Suppose -p + 56 = p. Let f(d) = d**3 - 3*d**2 - 6*d + 6. Let g be f(4). Let b be (0 - -7) + (-2 - g). What is the highest common factor of b and p?
7
Suppose t = 4*w - 0*t - 45, 3*t = -3. What is the highest common factor of w and 121?
11
Let u(r) be the second derivative of -r**3/2 - 2*r**2 + 2*r. Let t be u(4). Let m be (-1 - (2 - -1))*t. Calculate the highest common divisor of 8 and m.
8
Let g be ((-140)/(-16) + -2)*-8. Let t = g - -84. What is the greatest common factor of 10 and t?
10
Let a(i) = -i**3 - 4*i**2 + 2*i - 6. Let j be a(-5). What is the greatest common factor of j and 72?
9
Let n(o) = -2 + 4*o**2 + o - 2*o + o**2 - o**3. Let w(k) = -k**2 - 3*k + 2. Let m be w(-2). Let v be n(m). Calculate the highest common divisor of v and 100.
10
Let o(l) = 4*l**2 - 2*l - 1. Let c be o(-2). What is the highest common divisor of 247 and c?
19
Let j(b) = 19*b**2 - 2*b - 1. Let s be j(-1). Calculate the greatest common divisor of 10 and s.
10
Suppose 2*k - 3*j = 1, 0 = -4*k - k - 4*j + 37. Calculate the greatest common factor of k and 5.
5
Let k be 139 - 4 - (-1 + 1). What is the greatest common divisor of 27 and k?
27
Suppose -5*t = -192 - 193. Suppose -55 = -6*o + o. Calculate the greatest common factor of o and t.
11
Suppose 0*h - 2*z + 7 = 5*h, 0 = 3*h - 5*z - 29. Suppose -80 = -5*s + s - v, h*v = -3*s + 60. What is the highest common factor of 80 and s?
20
Let c be 5 + -5 + -1 + 20/2. What is the greatest common divisor of c and 153?
9
Suppose 2*f = 20 + 40. What is the highest common factor of f and 240?
30
Suppose -4*x - v + 59 = 0, -4*v + 55 = 5*x + v. Suppose 311 + 31 = 3*f. Let s = 258 - f. What is the greatest common factor of s and x?
16
Suppose -6*x + 165 = -x. What is the greatest common divisor of x and 11?
11
Suppose -3*m + 20 = 2*d + m, -52 = -4*d - 5*m. Calculate the highest common factor of 198 and d.
18
Suppose -a - 2*x + 9 = 0, -a + 5*a = 4*x. Let o be (-12)/(-8)*2/(-3). Let f be 54*((-3)/6 - o). What is the greatest common factor of f and a?
3
Let v be (9 + -8)/(1/17). Calculate the highest common divisor of 119 and v.
17
Let n be (-57)/6*-2 + -4. What is the highest common divisor of n and 15?
15
Let y(g) = g - 7. Let x be y(10). Suppose 64 = x*m + 16. Calculate the greatest common factor of m and 2.
2
Suppose -2*r + 2 = -3*r. Let q = r + 7. Suppose -3*f + 16 = 2*w, q*f + 0*f = -20. What is the highest common divisor of 2 and w?
2
Let u = 1 - -6. Let k(i) = -20*i + 31. Let a(g) = 13*g - 21. Let o(l) = -7*a(l) - 5*k(l). Let d be o(u). Calculate the highest common divisor of d and 22.
11
Let g(q) = q**2 + 7*q - 17. Let h be g(4). What is the greatest common factor of h and 297?
27
Let d = 57 + -51. Let t = 35 - 21. Suppose 12 = -4*y - 0*y - 5*g, -y + 3*g + t = 0. Calculate the greatest common factor of d and y.
2
Suppose 2*j + j - 288 = 0. What is the greatest common divisor of j and 24?
24
Let s be 2/1 - -55 - 3. What is the highest common factor of 36 and s?
18
Suppose -5*u - 3*f + 10 = -212, 47 = u - 2*f. What is the highest common divisor of 9 and u?
9
Suppose c - 2 = 8. What is the highest common divisor of 4 and c?
2
Let d(t) = -2*t**2 - 2*t - 3. Let f be d(-2). Let y(o) = -o**3 + o**2 + o - 1. Let h be y(-3). Let b = f + h. Calculate the greatest common factor of b and 10.
5
Let a be 3 - (-3 - -4) - -5. What is the greatest common factor of a and 49?
7
Let n be (2 - 1)/(1/3). Let i = n - 9. Let u(g) = g**2 + 3*g - 3. Let w be u(i). Calculate the highest common divisor of 30 and w.
15
Suppose -5*n + 147 = 5*h - 4*h, n + 3*h = 21. What is the highest common divisor of 75 and n?
15
Let d(v) = -v + 5. Let l be d(4). Let u(z) = 39*z**2 + 1. Let i be u(l). Suppose -6 = -3*f + 18. What is the greatest common divisor of i and f?
8
Suppose -3*l + 100 = 4*g, g = -2*l - 3*g + 72. Calculate the highest common divisor of l and 308.
28
Let w(u) = -u**2 + 8*u. Let t be w(6). Suppose 3*z - r - 26 = 0, -t = -0*r - 3*r. What is the highest common factor of z and 30?
10
Let s(v) = v + 6. Let w be s(-6). Suppose w = t + t - 56. What is the greatest common factor of 4 and t?
4
Let p(n) = 3*n - 7. Let q be p(7). What is the greatest common factor of q and 112?
14
Let f(q) be the second derivative of q**4/12 - 7*q**3/6 - 8*q**2 - 3*q. Let k be f(15). What is the highest common factor of k and 26?
26
Suppose 2*p + 2*p + 24 = 4*l, 0 = -2*l + 3*p + 9. What is the greatest common factor of 9 and l?
9
Suppose 0 = u + 5 - 13. Let z = -3 - -4. Calculate the highest common factor of z and u.
1
Let z(w) = 3*w**2 - 5*w + 6. Suppose -4*b + 5*c = -b + 8, b = 5*c + 4. Let y be z(b). What is the greatest common divisor of 18 and y?
18
Let x be (-1 - 2)/6*-10. Suppose -x*p + 16 + 34 = 0. What is the highest common factor of 110 and p?
10
Let f be (-1 + 3 - 1)*-6. Let d = -6 - f. Suppose d = g - 2. What is the highest common divisor of g and 6?
2
Let a = -152 - -94. Let v be (-3)/(-2 - a/32). Suppose v = -0*r + r. Calculate the greatest common factor of r and 2.
2
Suppose 2*m + 2*m = -3*x + 18, 2*x + 5*m = 12. Let b = x + 2. What is the highest common divisor of b and 24?
8
Let j = 4 - 1. Let s be j/(((-15)/(-22))/5). What is the greatest common divisor of 33 and s?
11
Suppose 0 = -14*h + 9*h + 560. What is the highest common factor of 16 and h?
16
Let i(y) = y**3 + 4*y**2 + 2*y + 1. Let o be i(-3). Calculate the highest common factor of 76 and o.
4
Let a = -8 - -3. Let r(w) = 2*w**2 - 1. Let y(k) = -k**2 - k + 1. Let d(p) = -r(p) - 3*y(p). Let l be d(a). What is the highest common divisor of 20 and l?
4
Let r = 130 + -54. Suppose -9*p + 19 = -8*p. What is the greatest common divisor of r and p?
19
Let p(a) = -a**2 - 14*a - 17. Let k be p(-12). What is the highest common factor of k and 1?
1
Let m(l) = l + 10. Let x be m(-5). Suppose -3*u + 29 = 4*n, -2*n + 15 - 4 = x*u. What is the highest common divisor of n and 32?
8
Let g be (-2)/6 - (-68)/6. What is the highest common factor of g and 154?
11
Let r(p) = 4*p + 30. Let j be r(12). What is the highest common factor of 26 and j?
26
Suppose -27 = -3*h - 4*u + 3*u, h + 4*u = 9. Suppose 2*k = 3*k + 3*z - h, z = -3*k + 19. Suppose o = k*o - 50. Calculate the highest common factor of 15 and o.
5
Suppose -17 + 41 = 4*z. Let h be 1*66*9/z. Let v = -12 + 23. What is the highest common divisor of v and h?
11
Suppose -u + 1 = -3. Let f(v) = v**3 - 5*v**2 + v - 1. Let c be f(5). Calculate the greatest common factor of c and u.
4
Let d be 15*2/(-1 - -3). What is the greatest common factor of 15 and d?
15
Suppose 0 = -3*g + x + 38, -g - 1 = 4*x - 18. Suppose 5*l + o - 2*o - 66 = 0, l - 5*o - 18 = 0. What is the greatest common divisor of g and l?
13
Let g be 18/(1 - (-9)/(-6)). Let w = -20 - g. Suppose 0 = -2*q + w - 0. What is the greatest common divisor of q and 2?
2
Suppose -o - o = p - 162, o + p - 82 = 0. Suppose -4*i - 14 = -54. Calculate the highest common factor of o and i.
10
Suppose 2 + 6 = 2*n. Suppose 3*t = -n*z - 4 + 30, 17 = t + 3*z. Suppose 3*x - 98 = t*g - 3*g, -4*g = x - 414. Calculate the greatest common divisor of g and 13.
13
Let f(h) = -3*h + 37. Let d be f(11). What is the greatest common factor of d and 4?
4
Let l be 0/(-1 - 0) + 1. Let y be -4 - -2 - (-23)/l. Calculate the greatest common factor of y and 14.
7
Suppose 0*g + 1736 = -4*g. Let b be (-1)/2 - g/4. Let d be 9*1 + (-4 - -7). Calculate the highest common divisor of d and b.
12
Let h = 39 - -57. Calculate the greatest common factor of h and 24.
24
Suppose -52 = z + 4. Let r be 4/14 + 184/z. Let o be r - -1 - -32 - 3. What is the highest common divisor of o and 9?
9
Suppose 2*n + 0 - 4 = 0. Let q be ((-4)/2)/(n + -1). Let j = q - -9. What is the greatest common factor of 5